 = 1087 - 2161 + 3*v**2 + 1076 - v**3. What is u(4)?
-14
Let l(n) be the first derivative of 17*n**2/2 + 25*n - 5197. Determine l(-6).
-77
Let c = 19 - 13. Let x = c - 3. Let o(m) = -26861*m - 3 + 2 + 26864*m. Determine o(x).
8
Suppose 9 = -2*p + 7, -u = -5*p - 26. Let x(k) = -4*k + 12. Give x(u).
-72
Let p(y) = 2*y**2 + 39*y. Let a be (-3*4)/2 + -663 + 650. Determine p(a).
-19
Suppose 150*q + 27 = 159*q. Let t(l) = 0*l - l**3 + 4*l + 3*l**q - 43*l**2 + 47*l**2 - 1 - l**3. Give t(-4).
-17
Let b(j) be the first derivative of j**2/2 + 10*j - 502. Give b(20).
30
Suppose 2*s = v + 5, -3*v = -0*s + 3*s + 6. Let z be (4/3)/(s/6). Suppose 10*l - z*l = -20. Let y(i) = -i**2 - 8*i + 14. Determine y(l).
-6
Let g = -182 - -186. Let l(w) = w**3 + w**2 - w - 1. Let c(r) = 3*r**3 - r**2 - 8*r - 9. Let o(h) = g*l(h) - c(h). Calculate o(-4).
5
Let z(o) = o**3 - 4*o**2 - 6*o + 3. Let w(h) = -2*h + 2. Let k be w(-4). Suppose -k*m + 64 = 14. Calculate z(m).
-2
Let d(c) = 15215*c + 121726. Let m be d(-8). Let n(k) be the third derivative of -k**5/60 + k**4/8 + 4*k**3/3 - k**2. Give n(m).
-10
Let y(f) = -f**3 + 6*f**2 + 10*f - 3. Suppose -33 = -4*g + 5*k, 0 = -5*g + 3*k + 1 + 37. Calculate y(g).
18
Let g(i) = -i**2 + 2*i - 6. Let t(b) = -12*b - 165. Let v = -529 - -515. Let h be t(v). What is g(h)?
-9
Let h(s) = 8 + 1 - 4130245*s - s**2 + 4130242*s. What is h(-8)?
-31
Let u(z) be the third derivative of z**5/60 + 5*z**4/8 + 13*z**3/6 + z**2 - 167*z. What is u(-13)?
-13
Let a(u) = u + 1 - 2 - 4. Suppose 14*d + 3*d = 374. Suppose 0 = -82*g + 79*g + 3*r + 6, 3*g = -r + d. Calculate a(g).
1
Suppose 2*f = -12, 11*v - 6*v + 3*f = 2. Let m(h) be the second derivative of 1/3*h**3 + 0 - 1/20*h**5 - 15*h - 1/3*h**v + 0*h**2. Calculate m(-4).
-8
Let p(n) be the second derivative of 2*n**4/3 + n**3/2 - n**2 + 4*n + 723. Calculate p(1).
9
Let v(u) be the first derivative of u**4/4 - 2*u**3 - 9*u**2/2 + 24*u - 5288. Determine v(7).
10
Let u(c) = -c**2 + 15*c - 11. Let d(b) be the first derivative of b**3/3 + 9*b**2 + 45*b - 267. Let m be d(-2). Calculate u(m).
15
Let l(p) be the second derivative of p**4/4 - 2*p**3/3 + 3*p**2 - 9*p - 71. Give l(3).
21
Let t(z) = 2*z. Suppose 0 = 6*u + 7 - 1. Let i(l) = 7*l + 14. Let m(p) = u*i(p) + 3*t(p). Calculate m(-6).
-8
Let y(q) = 5 - 477945*q + 477947*q + 12. Determine y(12).
41
Let x(r) = 54*r**2 - 9*r + 48. Let o(z) = 19*z**2 - 4*z + 16. Let d(p) = 17*o(p) - 6*x(p). Give d(-5).
29
Suppose 4*s - 20*t + 19*t = -1338, -5*s + 3*t - 1669 = 0. Let y = 327 + s. Let m(w) = w**3 + 9*w**2 + 9*w + 5. Give m(y).
-3
Let z(l) = -7*l**2 + l**3 - 8 - 3 - 10*l + 4*l. Suppose -3*i - i + 32 = -62*t + 64*t, 0 = 4*t. Determine z(i).
5
Let k(j) = 19*j**2 + j + 3. Let y be ((-27)/(-12))/(-9)*16. Let m(p) = -19*p**2 - p - 2. Let r(x) = y*m(x) - 3*k(x). Let q = 2 + -1. What is r(q)?
19
Let m be (-8)/2 - -6 - -6. Let l(x) = -5 + 18 + x - 4 - m. Suppose u - 15 = g - 2*u, u = 3. Determine l(g).
-5
Let y be 3*(-140)/(-63)*(-6)/(-5). Let m(p) = 2*p**2 - 13*p - 4. Let c be m(y). Suppose 57*z - c = 52*z. Let s(q) = -q**2 + 3*q + 5. What is s(z)?
1
Suppose 3*k + 2*h - 5*h = 3, 5*k = 2*h - 7. Let w(j) be the first derivative of -41 + 1/2*j**2 + j. What is w(k)?
-2
Let h(p) = p - 3. Let t be h(5). Let a(z) = -2*z + 2*z - t*z. Suppose 2*i = -4*x + 10, x - 1 = -i + 3*x. Give a(i).
-6
Let n(z) = z**3 - z**2 + z - 1. Let w(y) = -4*y**3 + 7*y**2 + 2*y - 3. Suppose -4*o - 17*o = 21. Let l(u) = o*w(u) - 3*n(u). What is l(5)?
6
Let f(h) be the second derivative of h**6/360 + h**5/40 - h**4/12 + 103*h**3/6 + 3*h + 3. Let c(y) be the second derivative of f(y). What is c(-2)?
-4
Let j be (39/(-12) - -3)*36/(-27). Let w(r) be the first derivative of j*r**3 + r**2 + 14 - 2*r. Determine w(-4).
6
Suppose 540 - 510 = -5*y. Let b = -10 - -8. Let h(v) = 4*v - 2. Let d(z) = -2*z + 1. Let o(w) = b*h(w) - 5*d(w). Calculate o(y).
-13
Let u = -106 + 110. Suppose 0*p + 4*p = u*j + 12, 2 = -p. Let w(i) = -i**3 - 6*i**2 - 4*i - 2. What is w(j)?
-7
Let n(x) be the third derivative of -x**5/15 + 10*x**4/3 + x**3/6 - 3*x**2 + 176. Calculate n(20).
1
Let t(y) = 233*y + 121 - 210*y - 144 + 65. Give t(-7).
-119
Let k(f) be the first derivative of f**2 - 31*f + 8180. Determine k(26).
21
Let i be ((-11)/2 - -4) + 39/6. Let l(o) = 6*o**2 - i*o**2 - 5 + 3 - 2*o - 4. What is l(-4)?
18
Suppose -374 + 134 = -44*m + 4*m. Let t(y) = 9*y - 42. Let f(j) = 3*j - 14. Let i(a) = 8*f(a) - 3*t(a). Give i(m).
-4
Let v(t) = 80 + 2*t - 39 + 5*t**2 - 4*t**2 - 42. Let m(u) = 10*u**2 + 20*u - 11. Let a(y) = -2*m(y) + 18*v(y). Suppose -4 + 16 = -3*s. What is a(s)?
-12
Let p(b) be the third derivative of -b**5/30 - 31*b**4/24 + 43*b**3/3 + 1081*b**2. What is p(-18)?
-4
Let u(j) = -9*j + 11. Let n be 583/(-1749)*(4 - (0 - -1)). Calculate u(n).
20
Let u(o) be the first derivative of -o**5/6 - o**4/24 - o**3/6 + 7*o**2/2 - 21*o - 262. Let q(a) be the second derivative of u(a). Give q(-1).
-10
Let k(b) = b**3 + 10*b**2 + 24*b - 7. Let j = -19703 - -19697. Give k(j).
-7
Let c = -4 - 18. Let h = c - -26. Suppose 0 = -u - 2, 3*u - 26 = -h*z + 6*u. Let i(n) = -n**2 + 6*n. Determine i(z).
5
Let b(y) = -3*y + 1. Let u(d) = 16*d + 11. Let s(l) = -20*b(l) - 4*u(l). Calculate s(-17).
4
Let b be (-28 + 37)/(6/(-80)). Let y be 6/(-45) + (-736)/b. Let w(p) = p**2 - 9*p + 7. Calculate w(y).
-11
Let b = 271 + -270. Let o(x) = -8 + 19 - 25*x**2 - x - 10. Calculate o(b).
-25
Suppose 167*c - 489 = 275*c + 159. Let q(b) = 4*b**2 + 6*b + 5. Let d(j) = 5*j**2 + 6*j + 4. Let t(o) = 3*d(o) - 4*q(o). What is t(c)?
-8
Let l(b) = -102*b + 18. Let a(c) = 41*c - 9. Let z(n) = 5*a(n) + 2*l(n). What is z(3)?
-6
Let w(a) = -a**3 + 5*a**2 - 4*a. Let x be 3/2*(12 - 4). Suppose 4*h - x = -5*i, -5*i + 4 = 2*h - 2. Let g = 3 + i. What is w(g)?
6
Let h(j) = 3*j**2. Let k(y) = 9*y - 36. Let l be k(7). Let r(b) = 2 - 14*b + l*b - 10*b. Let t be r(-1). Give h(t).
3
Let c be (-2)/(24/9 - 3). Let y(l) = 0*l + 95 + l**2 - 6*l - 93. What is y(c)?
2
Let j(k) = k**2 - 3*k + 4. Let z = -3952 + 3945. What is j(z)?
74
Let l(j) = -22*j**2 + 2*j - 7. Let a(d) = 37*d**2 - 4*d + 12. Let y(r) = 3*a(r) + 5*l(r). Calculate y(1).
0
Let g(d) = 5*d + 22. Let s(x) = -22*x - 93. Let a(q) = 13*g(q) + 3*s(q). Give a(10).
-3
Let x(o) = -7*o**2 + 1. Let a(b) = -3*b**2 + 11*b + 12. Suppose -9*h + 5*h - 16 = 0. Let l be a(h). Let r = l - -79. Determine x(r).
-6
Let x(t) = 4*t + 5. Let g(k) = k**2 - 2*k + 1. Let z be g(-3). Let b(j) = 1139 + j - 1151 - j + j + 0*j. Let i be b(z). Determine x(i).
21
Suppose -4*v - 223 = -5*s, 4*v - 241 = -5*s + 2*v. Let t = s - 24. Let o = -24 + t. Let u(f) = f - 1. What is u(o)?
-2
Let a be 4/(-5) + 70/25. Let o(r) = 5*r + 0*r - a*r. What is o(-2)?
-6
Let z(y) = -y**3 + 3*y**2 - 54*y + 97. Let x be z(2). Let g(q) = 2*q**2 + 9*q - 10. Give g(x).
25
Let d(l) = 1464*l**2 + 1493*l**2 + 1498*l**2 - 6*l + 2 - 4452*l**2. What is d(4)?
26
Let i(z) be the first derivative of -1/4*z**4 + 2*z**3 - 10*z + 11/2*z**2 + 74. Determine i(7).
18
Suppose 24 = -11*x + 2. Let w(j) be the first derivative of j**4/12 - 14*j - 14. Let p(o) be the first derivative of w(o). Determine p(x).
4
Let a(p) = p**2 - 10*p + 5. Let r be ((-105)/(-12))/(-5) + 0 + (-188)/(-16). What is a(r)?
5
Let c(j) = -j - 9*j + 0*j**3 + 3 + j**3 + 8*j + 3*j**2 - 7*j. What is c(-5)?
-2
Let i(c) be the third derivative of -7/6*c**3 - 1/24*c**4 + c**2 - 19*c + 0. Calculate i(-7).
0
Let x(c) = c**2 + 9*c + 2. Let a = 118 + -116. Suppose -g + a = -3*g, g - 23 = 4*r. Give x(r).
-16
Let g(n) be the third derivative of -n**4/12 - 11*n**3/6 + 11*n**2 - 6*n. Let a(f) = 12*f - 4 + 2 - f**2 - 7. Let q be a(12). Calculate g(q).
7
Let k(y) = y**2 + 4*y + 2. Let f(d) = -d + 25. Let o be f(7). Suppose 27*b - 9*b - o = 0. Let z be b/(-3)*(11 - 2). What is k(z)?
-1
Let v(p) = p**3 + 2*p**2 + 2*p - 15. Let u = -22 - -22. Let a be v(u). Let y be 1*2*a/((-75)/10). Let x(m) = 6*m - 6. Calculate x(y).
18
Let x(z) = 10*z - 6. Let t be x(11). Let i(r) = -39*r**2 - 4 + t*r + 38*r**2 - 94*r. What is i(7)?
17
Let i(n) = 8*n - 19. Let v be i(3). Suppose -v*g + 3*s = 0, -g + 3*g = -s. Let w(f) be the second derivative of f**3/6 + 5*f**2/2 - 4*f. Determine w(g).
5
Let i(y) be the second derivative of -y**4/3 - 13*y**3/6 + 9*y**2 - y + 